7
Suppose -3*d - 5 = -4*c, 5*c + 1 = -4*d - 16. Let t be c*2/(-1 - 1). Let f(b) = 37*b**2 - 1. List the prime factors of f(t).
2, 3
Suppose 0 = -m + 3*m - 82. Let s(w) = -w - 11. Let f be s(9). Let z = m + f. What are the prime factors of z?
3, 7
Suppose -g - 5*g - 24 = 0. Suppose 5 = -5*i - 0. List the prime factors of 143/4 + i/g.
2, 3
Let k = 44 - 36. Suppose 36 = -k*g + 10*g. List the prime factors of g.
2, 3
Let z be 4/(0 - (2 - 3)). Suppose -2*s - h = -229, -z*h = -4*s + 30 + 398. Suppose 0*b + 54 = b + 4*j, -3*b - 2*j + s = 0. What are the prime factors of b?
2, 17
Suppose -q = 6*q - 14. Suppose w - q = 43. List the prime factors of w.
3, 5
Suppose -1 = 4*m - 5. Let y be m - (2/2 + -10). Let r(i) = -i**2 + 13*i - 2. List the prime factors of r(y).
2, 7
Let c be ((-24)/14 + 1)*-7. What are the prime factors of (-7)/c + 1 + (-327)/(-5)?
5, 13
Suppose 7*q - 6 - 1 = 0. Suppose x - 2*w = -2, 6*x = 2*x + 5*w + q. What are the prime factors of x?
2
Let x(m) = -m**3 + 10*m**2 - 3*m - 4. What are the prime factors of x(6)?
2, 61
Let k = -9 - -28. Let d = -10 + k. Suppose -5*i - 212 = -d*i. What are the prime factors of i?
53
Let d(q) = -q + 29. Let v be d(18). Suppose -12*w = -v*w - 104. Suppose w = 3*x + 5*h, 4*x - 147 = -0*x - 5*h. What are the prime factors of x?
43
Suppose 0 = -13*p + 2*p - 33. List the prime factors of (1 - (-1)/p)/((-3)/(-216)).
2, 3
List the prime factors of (1 + 2 - -47) + -4.
2, 23
Let g(b) = -b**3 - 22*b**2 - 24*b + 17. Let k be g(-20). What are the prime factors of (k/(-12))/(2/8)?
101
Suppose 0 = 11*n - 43*n + 185440. List the prime factors of n.
5, 19, 61
Suppose a + 0*x - 4 = -x, -12 = -3*a + 4*x. Suppose 4*y = 9 - 29, a*w = 5*y + 353. What are the prime factors of w?
2, 41
Let c(z) = -6*z - 8 + 1 - 5*z. Let l = -5 - -2. What are the prime factors of c(l)?
2, 13
Let g be ((-78)/65)/(1/((-5)/2)). Suppose -3*d + 324 - 42 = -g*u, -2*d = u - 173. List the prime factors of d.
89
Let p = 69 + 45. Suppose p = 2*t - 5*u, -2*u = t + 2*u - 70. List the prime factors of t.
2, 31
Suppose -1820 = -4*a - g, 5*a - a - 2*g - 1808 = 0. What are the prime factors of a?
2, 227
Suppose -15 = 2*s + 1. Let g = 18 + s. List the prime factors of g*((-28)/20 - -2).
2, 3
Suppose -a + 1337 = -p - 85, -2*a = 3*p - 2869. List the prime factors of a.
1427
Let z(n) be the third derivative of n**4/24 + 11*n**3/6 - n**2 - 9*n. Let d(y) = -y**2 + 3*y - 2. Let j be d(2). What are the prime factors of z(j)?
11
Suppose -3*m - p = -678, 9*m - 4*m - 1130 = p. List the prime factors of m.
2, 113
What are the prime factors of (3246/(-9))/(18/(-27))?
541
Suppose 0 = -2*l - 3*m + 110, -l = 2*m - 4 - 51. Suppose 2*u = -w + 31, u + 3*u - l = 5*w. List the prime factors of u.
3, 5
Let q be 21/(-2)*10/15. Let w = -13 - q. List the prime factors of (36 + w)/(2/2).
2, 3, 5
Suppose 3*o - 4 - 2 = -v, 0 = -4*o - 4*v + 8. Let p be ((-2)/(-2))/(o/(-10)). List the prime factors of p/(-5)*150/2.
3, 5
Let g(u) = u**3 - 2*u**2 - u + 7. Let a be g(5). Let b be 6424/a - 8/(-14). Let m = b + -48. List the prime factors of m.
2, 3
Suppose -5*q - 110 = 4*m + 43, 0 = -q + m - 36. Let l = -45 + 24. Let w = l - q. List the prime factors of w.
2, 3
Let v(g) = 20*g + g**3 + 4*g**2 - 12*g - 13*g + 4. Let d be v(-5). Suppose -d*m = -6*r + 3*r + 128, -10 = 2*m. What are the prime factors of r?
2, 3
Let a = -98 - -1731. What are the prime factors of a?
23, 71
Let y be ((-2)/(-3))/(4/6). Suppose -3*a + y = 40. Let k = a - -18. What are the prime factors of k?
5
What are the prime factors of -2 + 1 + 1*232 - 2?
229
Let i(m) = -4*m + 1. Let x be i(-1). Suppose -f - 3*f + 592 = -x*j, 4*j + f + 482 = 0. List the prime factors of (2/5)/((-2)/j).
2, 3
Let p(i) be the first derivative of i**4/4 - 13*i**3/3 - 13*i**2/2 + 13. What are the prime factors of p(14)?
2, 7
Let a be (2/4)/((-3)/(-72)). Suppose -s = -0*s + a. Let w = s - -15. What are the prime factors of w?
3
Let a = -2395 - -4049. What are the prime factors of a?
2, 827
Suppose 3*h + 1252 = 5*h. Suppose -5*v - 206 = -h. What are the prime factors of v?
2, 3, 7
Suppose 4*t + 970 = 2*l, 3*l - 4*t + 954 = 5*l. List the prime factors of l.
13, 37
What are the prime factors of (24/(-5))/((-156)/41080)?
2, 79
Let n(x) = 19*x**2 + 19*x - 72. List the prime factors of n(8).
2, 3
Let d(l) = -4*l - l + l - 4 + 5. Let t(v) = -v**3 + 17*v**2 + v - 21. Let s be t(17). List the prime factors of d(s).
17
Suppose 11*b - 5*v = 10*b + 7, -3*v = 0. Suppose -4*j - p = -b*j + 504, 0 = -j + 4*p + 179. List the prime factors of j.
167
Let n(l) = 11*l**2 + 2*l + 2. Suppose -2*v = -2*x - 6, 6*v = 3*x + 4*v + 8. List the prime factors of n(x).
2, 3, 7
Let t = 4242 + -489. What are the prime factors of t?
3, 139
Suppose -5*h + 6 = -4*h. Let g = -6 + h. Suppose -5*b = -v - 271, g = -b - 3*b - v + 224. What are the prime factors of b?
5, 11
Suppose 9*t - 30620 - 7585 = 0. What are the prime factors of t?
3, 5, 283
Suppose 5*w + 13 = -2. List the prime factors of (549/w)/(6/(-4)).
2, 61
Suppose 13*w - 19040 = -4*w. What are the prime factors of w?
2, 5, 7
Let i = 41 - 16. Suppose 5*g - 5*u = 50, -3*g + i = g - u. Suppose -3*m - m + g*z + 8 = 0, -5*m + 10 = 2*z. List the prime factors of m.
2
Let f = -7 + 15. Suppose 4*z = 6*z - f. Suppose 0 = h - 5*p - 27, 2*p + 2 = -z*h - 0*p. What are the prime factors of h?
2
Let s(n) = n**2 - 2*n - 3. Let a be s(4). Let b = 76 - 30. Suppose -3*p - b = -w + p, 4*w - a*p - 173 = 0. List the prime factors of w.
2, 3, 7
Let u = -14 + 26. Let z(k) = 29*k - 4. Let f be z(u). What are the prime factors of (-2)/(f/(-84) + 4)?
3, 7
Let o = 3 + 0. Suppose z + 0 + 7 = o*h, -z = 3*h - 11. Suppose -26 = -v - 4*s, 3*s - 62 = -h*v + v. List the prime factors of v.
2, 17
Let m(t) = t**2 - 8*t - 62. What are the prime factors of m(-13)?
211
Let o be (-95)/2 - (-7)/14. Let c be 0 + 0 + 2 + o. Let w = 7 - c. What are the prime factors of w?
2, 13
Let b(v) = -v - 5. Let k = -13 - 2. Let t be b(k). Suppose n = 5 + t. List the prime factors of n.
3, 5
Let c(h) = 1 - h - 2*h + 1 + 0. Let m(q) = -3*q + 3. Let l(g) = -4*c(g) + 3*m(g). What are the prime factors of l(1)?
2
Suppose -c + 1951 = 940. What are the prime factors of c?
3, 337
Let x be (-2 - 23)/((-2)/6). Let i = x + -32. List the prime factors of i.
43
Let c be ((2 - 4)*1)/(2/(-29)). Let q = 30 + c. What are the prime factors of q?
59
Let c(u) = -u**3 + 5*u**2 + 13*u + 33. What are the prime factors of c(-8)?
761
Let z be 1 + -2 - 13*-1. Let o = z + -3. Let j(i) = i**3 - 10*i**2 + 11*i + 6. What are the prime factors of j(o)?
2, 3
Let y = -60 + -20. What are the prime factors of (-16)/y - 488/(-10)?
7
Suppose -7*k = -k - 138. Suppose -2*y + 8 = 2*p, -4*p - 4*y = -2*p - 16. Let f = k - p. What are the prime factors of f?
23
Let t(a) be the first derivative of -40*a**2 + 9. List the prime factors of t(-1).
2, 5
Suppose -7*a - 87*a = -22090. What are the prime factors of a?
5, 47
Suppose 62 - 557 = -5*i. Let r = 147 - i. What are the prime factors of r?
2, 3
Suppose 2*u - 398 = -150. Let z = u - 68. List the prime factors of z.
2, 7
Let p = 216 + -144. What are the prime factors of p?
2, 3
Let y = 1147 + 994. What are the prime factors of y?
2141
Let z = -387 - -729. Let y = -191 + z. What are the prime factors of y?
151
Suppose 5*k - 165 = -0*k + 5*d, -4*k - 5*d + 150 = 0. List the prime factors of 2/(-7) + 185/k.
5
Let j(t) = -t**2 - 5*t - 2. Let f be j(-3). Suppose -2*z + 0 = f*x - 74, 0 = -z + 4*x + 31. What are the prime factors of z?
5, 7
Let y(q) = -q - 3. Let f(b) = -24*b - 75. Let m(i) = -6*f(i) + 153*y(i). Suppose -2*l + 26 = -4*z, -4*z - 25 = -3*l + 2*l. What are the prime factors of m(z)?
3, 5
Suppose b = -3*s + 218 + 171, -492 = -4*s + 4*b. Let n = s + -79. List the prime factors of n.
7
Let x = -10 + 12. Let a = 6 - x. What are the prime factors of 18/1 + a/4?
19
Suppose -48 = -3*n - 3*n. Suppose -12*v + n*v + 340 = 0. List the prime factors of v.
5, 17
Suppose 0 = 4*a + 1966 - 15022. List the prime factors of a.
2, 3, 17
Suppose 2*y - 6*y + 679 = -3*p, p = 4*y - 669. Suppose -l + y = -b - 93, l + b = 253. List the prime factors of l.
2
Suppose 2*x - 24 = -4*q - 0*q, 2*x = 8. Let w be (-2 - -6) + 272/8. Suppose -q*f + w + 26 = 5*g, -2*f + 26 = g. List the prime factors of f.
